te (8 - (0 - 1)) + -4 + -14.
-9
-20 + (-23 - -16) + (-6 - -15)
-18
(10 - (22 + -10)) + (5 - 3)
0
What is -6 + (15 - (-9 - -18)) + -16?
-16
What is the value of 2 - 8 - ((0 - -9) + -13)?
-2
What is -97 + 68 - (7 + -6)?
-30
-35 - -35 - (6 - (25 + -2))
17
-8 + (4 - -1 - -7) + -34
-30
Calculate (10 - -27) + -18 - 14.
5
What is -2 - 1 - (44 + -127 - -49)?
31
7 - (0 + 0 - 12 - (74 - 65))
28
-1 + -6 - (-19 + -19 + 22 + 22)
-13
What is 5 - -26 - 32 - (-1 + 21)?
-21
What is (-47 - -59 - (11 + -1)) + -10?
-8
10 - (2 + (2 - -1)) - (-1 - 9)
15
What is the value of (3 + 2 - ((29 - 10) + -8)) + 9?
3
Evaluate (-138 - -164) + (-4 - (-2 + -4 - -3)).
25
Evaluate -1 + (7 - (23 + -3)) - (-5 + -1).
-8
Evaluate -4 + -7 - (44 - 49).
-6
Calculate (9 - -4) + 6 + 4 + -12.
11
Calculate -16 + -5 + (-2 - -14) - 15.
-24
What is the value of 11 - 3 - (-261 - -283)?
-14
What is the value of -9 + -27 + 17 + 15?
-4
Evaluate -1 - -15 - (-9 + 2 + 8 - 2).
15
Calculate 2 - -9 - (-134 - -146).
-1
What is -7 + ((-6 + 1 - -39) + 4 - 1)?
30
Calculate (-635 - -641 - ((-1 - 0) + -2)) + 1.
10
Evaluate 5 - (-38 + (13 - 10) + 16).
24
Calculate (-28 - -27) + (-12 - 1).
-14
(-1 - (11 - 18)) + -16
-10
Calculate 33 - (-1 - -11) - 11.
12
Calculate (-1 - 1) + 77 + -64.
11
What is (-59 - -50) + (6 - (2 - 9))?
4
What is the value of -3 + (-4 - (-4 + -6)) + -11?
-8
What is (-31 - -7) + 7 - -30?
13
What is the value of -14 - ((76 - 70) + 0 + -2)?
-18
What is 37 + -11 + -6 + -4 - 11?
5
Evaluate -12 + (-447 - -474) + 0 + 18.
33
Evaluate (230 - 255) + (-1 - -15).
-11
What is the value of 10 - (11 - (4 - (-7 + 6) - 0))?
4
What is -11 - -12 - (4 + -1)?
-2
Calculate (5 - (10 + 0 + -4)) + 11.
10
Calculate -24 + 31 + -7 + 5.
5
What is (0 - 6) + (-10 - -4 - -26)?
14
2 + 3 + 0 + -106 + 99 - 26
-28
What is the value of -1 - 7 - (92 + -95) - 8?
-13
What is the value of 71 + -12 + -21 + -9?
29
Evaluate -8 - (-5 - (1 - -4)) - 8.
-6
Calculate (0 - 0) + 3 - (51 + -52).
4
What is -12 + 1 + 0 + -1 - (946 - 951)?
-7
What is the value of -1 - -22 - (503 + -463)?
-19
What is the value of (0 + 13 - -1) + 160 + -143?
31
What is (-32 - (-16 - -20)) + 43?
7
Evaluate -5 + (35 + -7 - -8).
31
Evaluate (6 - -2 - 2) + -10 - 8.
-12
Calculate (-7 - -13) + -5 + 4.
5
19 + -45 + 27 + -36
-35
13 - 4 - 9 - 1
-1
What is (-12 - (-7 + (-2 - -2)) - -34) + -9?
20
Evaluate (6 + -2 - -9 - -9 - 11) + -4.
7
What is the value of -13 + (-14 - -10) + 11 - (0 - 15)?
9
Calculate 0 - -1 - (0 + (-40 - -41)).
0
(-44 - -21) + (9 - -4)
-10
What is the value of -3 + -1 + 2 + 27 + (4744 - 4738)?
31
What is the value of 2 - (3 - -10 - 8 - (-1 - 3))?
-7
5 + (-29 - 0) + 13
-11
-2 + 9 + -26 + 36
17
Calculate (-2 - (1 + 1)) + -5 + 2 - 3.
-10
Evaluate 2 + (6 - -14) - 2.
20
What is 37 - 29 - (15 - (1 + -2))?
-8
(-737 - -735) + -1 + 2 + -24
-25
What is (6 - ((-4 - -8) + -3)) + (32 - 51)?
-14
7 + (4 - (-5 + 3 - -6 - -6))
1
294 - 317 - (0 + -15 + 0)
-8
Evaluate 14 + -23 - -15 - -18.
24
Evaluate -12 + (18 - (-1 + 9)).
-2
What is the value of -2 + 6 + -12 + -8 + 9?
-7
What is the value of -10 + (-12 + 0 - (270 + -264))?
-28
What is -6 - ((-11 + 7 - -7) + 23)?
-32
Evaluate 4 + 21 + (20 - 22 - (0 + -2)).
25
What is 22 - 1 - ((-117 - -58) + 49)?
31
Calculate -10 + -4 + (14 - (10 - 8)) + 34.
32
(-1 - (5 - (3 + -7)) - -6) + 23
19
What is the value of -3 + 0 + 2 + (40 - (27 - -42))?
-30
8 + (-20 + -50 + 34 - (7 - 1))
-34
Calculate 3 + (-1 + -1 - 3) - (43 - 49).
4
Evaluate 20 + (-24 - (10 + -20)).
6
5 + 1 + 248 + -269
-15
-14 + (-22 - (-17 + -8))
-11
What is the value of -5 - -1 - (-3 + -15 - -19)?
-5
What is (3 + -9 - (-55 - -48)) + -15?
-14
Calculate (6 - 6) + 24 - (2 - (14 - 21)).
15
Evaluate 272 - 271 - (6 - 3 - (19 - 4)).
13
What is 2 - (-22 + 29 + -18)?
13
-5 + (-5 - (5 + -14 + 2) - 5)
-8
Calculate 8 + -16 + 1 + 9 + -2.
0
What is 1650 - 1666 - (-8 - -1 - (-1 - -1))?
-9
What is the value of -15 + -12 - -48 - 6?
15
Evaluate 15 + (32 - (35 + -9)).
21
What is the value of 13 + (3 - 2) - 13?
1
Evaluate (8 - (-4 + 6) - 5) + -6.
-5
3 + -19 - -30 - (44 + -14)
-16
23 - ((3 - 0) + -65 + 51)
34
What is 23 + (8 - 15) - 13?
3
What is the value of 4 + 0 + (3 - -3) - (3 + 9)?
-2
What is 2 - -15 - (12 + -9 + 2 + -1)?
13
What is (0 - -1) + 0 + (27 - (-14 - -49))?
-7
Evaluate -4 - ((1 - 3) + -3).
1
Calculate -28 + (-43 - -1 - -36).
-34
Calculate -10 - -14 - (-2 + (-3 - -2)).
7
What is -16 - (-25 - (-8 - 7))?
-6
0 + (1 - 0) + (-23 - (8 - 25))
-5
Evaluate (11 - (-14 - -19)) + (-12 - (0 + 0)).
-6
Evaluate 17 + (-4 - (-6 - -5)) + -9.
5
Evaluate 15 - 0 - 6 - 14 - (2 - -4).
-11
What is -35 + 10 + 12 + -10 + 4?
-19
What is 4 + (11 - (-2 + -5 + 4) - -11)?
29
Calculate -1 + (-8 - -1) + 306 + -319.
-21
Calculate -16 - (-34 - -20) - (-3 - -8).
-7
What is the value of 1 + (-3 - (8 + -2)) - 3 - -5?
-6
Evaluate 11 + -3 + (5 + 5 - 30).
-12
What is the value of 337 + -323 + -2 + 11?
23
What is the value of 0 + -11 + (-73 - -77)?
-7
What is -2 + -1 + -3 + 2?
-4
What is the value of -21 - (3 - 9 - (-13 + 27 + -13))?
-14
Evaluate (13 - (2 + 0)) + 39 + -47.
3
-110 + 90 - (-1 + -12)
-7
What is -1 + 0 - -1 - (-29 + 38)?
-9
Calculate (-2 - -3) + 21 + -17 + -3.
2
15 + -11 - (49 + -7 + -6 + -8)
-24
Calculate -12 + -6 + 1 + (-1 - -1 - -4).
-13
What is the value of 1 - (3 + 5 + -7 + -1)?
1
Evaluate (11 - 32 - -29) + -1 + 2 + 0.
9
What is the value of 11 + -8 + -1 + (-22 - -23)?
3
-56 + 109 + -61 + -2 + -18
-28
1 + -11 - (-15 + (0 - -12))
-7
What is 219 - 210 - ((-1 - -4) + (2 - -7))?
-3
Calculate -11 + -4 + 9 + (31 - 12 - -12).
25
Evaluate 3 - ((-4 - (-20 - -4)) + -2).
-7
Calculate (5 - ((-4 - (1 - 4)) + 6)) + 12.
12
What is 8 + -53 + 76 + -14 + 1?
18
Evaluate 14 + (20 - (-13 + 9)).
38
What is the value of 10 + -5 - (11 + (-18 - -18))?
-6
What is -24 + 25 + 16 - 22?
-5
What is 2 + (8 - (2 + -7)) + (-7 - 3)?
5
What is the value of (-17 - 2) + (16 - (-25 + 33))?
-11
Evaluate 5 + -7 + -11 + 12 - (4 - 1).
-4
Calculate -2 + -17 + (40 - 23).
-2
-4 + 15 - (8 - 9)
12
Calculate (9 - 0) + (8 + 1 - (-34 + 42)).
10
Evaluate 8 + 10 + 4 + -27.
-5
Evaluate 0 - (-11 - (-16 + -6)).
-11
What is the value of 0 + 17 + (-8 - (-8 - -2)) + 3?
18
-22 + 25 + (0 - (4 + -1))
0
What is the value of 7 + -13 + -13 + 17?
-2
53 - 43 - (0 + -2 - (0 + -30))
-18
-1 + (-13 - (5 + 0 + -3 + -7))
-9
What is the value of (-14 - -22 - -15) + -15 + -37?
-29
What is 1 + (6 + -28 + 7 - -46)?
32
What is the value of 3 - -9 - 4 - 0 - 5 - 13?
-10
Calculate 5 + (15 - 34) + 13.
-1
Calculate -4 + 8 + 3 - (10 - (2 - 0)).
-1
-11 - (2 - (3 - -8))
-2
Evaluate 0 + -17 - (50 + -67) - (1 - 8).
7
Calculate -3 - (19 - (29 + -13)).
-6
17 - (13 + 5) - -20
19
Evaluate 70 - (-28 - -56 - -11).
31
Evaluate (-14 - (0 - -2)) + 3.
-13
Calculate 9 - (3 + -16 + 11 + 11).
0
1 + -4 + 0 + 2 + 0 + -7
-8
What is the value of (-4 - 7) + 14 + -20?
-17
What is the value of 13 + (-5 - (10 + -11 + -3))?
12
Calculate 14 + 4 - (1 + -5 + 8).
14
Calculate (1 - -11) + 168 + -184.
-4
What is -7 + -18 + 1 - -14?
-10
Calculate -3 + (3 + -9 - 0 - (55 + -47)).
-17
What is 8 - (-11 - -12 - (-2 + 0 - 6))?
-1
What is 5 + -4 + -7 + 16?
10
(-14 - -4 - -14) + 3
7
-1 + 4 + 6 + -8 + (85 - 86)
0
Calculate -12 - ((-27 - -7) + 26).
-18
What is 24 - (38 - 21) - (0 + -1 + -1)?
9
What is -16 - (-2 + -5) - (18 - (4 + 3))?
-20
What is 55 + -74 - (-23 - 1)?
5
What is (-4 - -2) + 8 - (3 + 5) - -7?
5
What is the value of 482 + -524 - (-18 + -1)?
-23
Calculate 14 - -6 - (18 + (2 - 10)).
10
What is the value of 249 + -260 - (0 + 13 + 2)?
-26
What is 14 - (42 + -24) - 8?
-12
What is the value of -8 + (-30 - -17 - -5)?
-16
(0 - -6) + (18 - (-20 - -22 - -38))
-16
(1 - -6 - 4 - 9) + 1
-5
What is (7 - (22 + -3)) + 24?
12
Evaluate 8 - (37 + -6 + -7 + -2).
-14
-7 - (-22 - (-31 + 18))
2
What is the value of 7 + -3 + (2 - -6) + -7 + 6?
11
Evaluate -10 - (-5 - (-27 + 10 + 1)).
-21
What is 1 + 12 - (14 + -16 + (-8 - -12))?
11
-1 + 7 + -4 + 10 + -2
10
3 - -6 - -6 - (30 - 7)
-8
Calculate (-38 - 1) + (1339 - 1312).
-12
-2 + 6 + -18 + 20
6
Calculate (123 - 86) + 2 + -49.
-10
(-8 - (-2 - -2)) + -1 + 3 + 15
9
0 + (0 - 0 - 1 - (-53 - -45))
7
What is the value of 0 + 15 + (33 - 54)?
-6
What is the value of 21 + -12 - 22 - -22?
9
Evaluate (-22 - -15) + 0 + 22.
15
Calculate -3 + (1 - 3) + 155 + -144.
6
-2 - (-25 + 33 - ((20 - -3) + 4))
1